Determine b(d).
3
Let k = 12 + -17. Let u be -3 - 0 - (-1 + k). Suppose 2*c = 4*p + 11 + 3, -c + 13 = -u*p. Let t(a) = -2*a - 8. Give t(p).
4
Let r(g) be the third derivative of -g**5/60 + g**4/8 + 2*g**3/3 - 135*g**2. Give r(5).
-6
Suppose -70 - 56 = -63*k. Let t(u) = 3*u**2 + 1 - u - 4*u**2 + 5*u. Determine t(k).
5
Let r(a) = -a**2 - 7*a - 5. Let q = -19 + 13. Let f be r(q). Let t be f*(4 - 3)*-6. Let w(j) = 2*j + 7. Determine w(t).
-5
Let y(q) = q**2 - 5*q + 8. Let l be y(4). Let u(g) = -g**2 - 3*g. Let d(k) = -2*k**2 - 16*k + 5. Let o(m) = d(m) - 3*u(m). What is o(l)?
-7
Let d(n) = 6*n - 4. Let h = 173 - 166. Determine d(h).
38
Let l(m) = -4804*m + 2401*m + 2406*m + 5. Calculate l(-13).
-34
Suppose 0 = -6*i - 3*i - 468. Let c = -45 - i. Let h(a) = -a**3 + 7*a**2 + a + 7. Determine h(c).
14
Let z(c) = -3*c - 1. Suppose 0 = d + b + 2, 3*b = 4*d - 13. Suppose 0 = 2*s + d + 1. Determine z(s).
2
Let h(x) = x**2. Let y(i) = 5*i**2 - 6*i - 1. Let j(b) = 4*h(b) - y(b). Let t = -338 + 344. Give j(t).
1
Let i(g) be the first derivative of 6*g**2 + g + 2. Suppose 2*t + 4 = 8. Suppose t*w + 2 = -0*w. Calculate i(w).
-11
Let z = 47 + -31. Suppose -3*i + 7*i - z = 0. Let t = i + -1. Let h(l) = l**3 - 3*l**2 - l - 3. What is h(t)?
-6
Let c be 2/(-5) - (115/25 + 1). Let a(g) be the second derivative of -g**5/20 - 5*g**4/12 + g**3/2 + 3*g**2/2 - 4*g. Determine a(c).
21
Let f(j) be the third derivative of 9*j**2 + 1/10*j**5 + 0 - 5/6*j**3 - 1/24*j**4 + 1/120*j**6 + 0*j. Determine f(-6).
1
Let i(o) = 9*o**3 - o**2 + o - 1. Let x(c) = -3 + 2*c + 2*c + 13 - c**2 - 4. Let q be x(5). What is i(q)?
8
Suppose 0 = -2*x - 2*x - 16. Let a = x + 14. Let y be (-5)/a*4/2. Let r(c) = 6*c - 1. Determine r(y).
-7
Let q = -11 - -3. Let t(x) = 2 - x + 0 + 0*x + 0 + 8. Give t(q).
18
Let w(z) = -3*z + 1. Let y(s) = 0*s - s + 3*s - s + 1 - 2. Let d(f) = -f**3 - f**2 + f - 4. Let p be d(0). Let m be y(p). Determine w(m).
16
Let r be ((-92)/(-138))/(1 + 8/(-6)). Let c(m) = m**3 + 2*m**2 - m + 1. Give c(r).
3
Let k(c) = -c**2 + 4*c + 2. Let a be -5*(-7 - -13)/(-6). What is k(a)?
-3
Suppose -94 = -14*t - 122. Let o(d) = 2*d**3 - d**2 + d + 2. Give o(t).
-20
Let b(l) = 2*l**2 + 3*l - 3. Let g(s) = -5*s**2 - 6*s + 6. Let n(i) = 9*b(i) + 4*g(i). Let m be (-2664)/(-144)*4/37. Determine n(m).
-5
Let d be 2/((12/(-14))/3). Let f(a) = -10*a**2 - 2*a**3 + 10*a + 342 - 333 - 3*a**3 + 4*a**3 + 4*a**2. Calculate f(d).
-12
Let w be (-45)/27 - 10/(-6). Let l(z) = z + 4. What is l(w)?
4
Let l(r) = r**3 + 8*r**2 + 13*r + 6. Let c(d) = d + 1. Let a(j) = -6*c(j) + l(j). Suppose 2*n + 2*u + 16 = 0, -n + 2*u = -2*n - 9. Give a(n).
0
Let h(a) = -4*a**2 - 2*a + 2. Let v be h(1). Let l be ((-2)/v)/(4/24). Let k(i) = -2*i**2 - l*i**3 + 8*i**2 + 2*i**3 - 4*i. What is k(5)?
5
Let y(v) = v**2 - 2*v - 4. Suppose u + 4*r = -u + 12, 0 = -5*u + 2*r - 30. Let m(q) = -q**2 - 2*q + 8. Let j be m(u). Suppose j = -w + 4*w - 12. Give y(w).
4
Let o(n) = -1 + 93*n - 3 + 8 - 92*n. Let z = -14 + 11. What is o(z)?
1
Let q be (-2)/6 + 8/(-3). Suppose t + k = 0, -4*k = 2*t - 0*t + 4. Let h(c) = 3*c - t*c + 14 - 15 + c**2. Give h(q).
5
Let i(h) = -5*h + 4. Let o = -10 + 13. Let m be 11/o - (-5)/15. Let x be ((-9)/(-6))/(2/m). What is i(x)?
-11
Let q be 28/140 - (-62)/(-10). Let c(o) = -3*o - 7. What is c(q)?
11
Let o(x) = -2. Let s(b) = -b. Let d = 59 + -58. Let n(u) = d*s(u) + o(u). Calculate n(3).
-5
Let j(c) = 2*c**2 + 7*c + 5. Let b = -444 - -441. What is j(b)?
2
Suppose 5*p + 48 = -7*p. Let s(y) = -y**2 - 7*y - 5. What is s(p)?
7
Let n(g) = 3*g + 6. Let z(r) = -r**2. Let h(q) = -q**3 - 20*q**2 - q - 26. Let b(f) = h(f) + 2*z(f). Let a be b(-22). Calculate n(a).
-6
Suppose 0 = -4*h + 7*h - 108. Let m(x) = -3*x**3 - 36 + 0*x + x + h. Calculate m(-1).
2
Let z(k) = k**3 - 6*k**2 + 2*k + 1. Suppose -22*t = -31*t + 54. Calculate z(t).
13
Let n be 0/((-24)/(-16)*(-4 - -2)). Let q(t) = -t. Give q(n).
0
Let s(m) = 4*m**2 + 1. Let i(j) = -13*j**2 - 2*j - 4. Let x(g) = -i(g) - 3*s(g). Give x(-1).
0
Let p(f) = -4*f - 2. Let v = 80 - 76. Suppose -v*l = -18 + 10. Give p(l).
-10
Suppose -o = 2*l - 4, 32 = -0*o - 2*o + 4*l. Let x(q) be the third derivative of -q**6/120 - 7*q**5/60 - q**4/4 + q**3/6 - 93*q**2. Calculate x(o).
1
Let h(m) be the first derivative of m**3/3 - m**2 + m - 137. Calculate h(2).
1
Let i = -5 + 9. Suppose 2*h + 4 = -2*z, -2*h + i*z - z = 9. Let y(r) be the second derivative of r**4/12 + 2*r**3/3 + 2*r**2 + 32*r - 4. Calculate y(h).
1
Let o = -819 + 811. Let n(m) = m**2 + 2*m + 1. Determine n(o).
49
Let q(g) = g**3 - 12*g**2 + 11*g - 4. Let w be q(11). Let p(k) = 5*k - 15. Suppose 2*h - 14 = 8. Let i(c) = -c + 3. Let r(a) = h*i(a) + 2*p(a). Give r(w).
7
Let y = -1 - -1. Let n(c) = 4*c**2 - 4*c - 10. Let f be n(3). Let x(v) = -f*v - 20*v + 33*v. Determine x(y).
0
Suppose -a + 11 = -13. Suppose a = 3*b - 51. Suppose -4*p = p + b. Let s(t) = t**3 + 5*t**2 - 2*t - 2. Calculate s(p).
8
Let x be (5/(15/(-2)))/((-2)/9). Let b(d) = 6*d - 7*d - 3*d**3 - 4*d**2 + d**2 + 1 + 4*d**x. Give b(2).
-5
Suppose 5*h + 0*h = -4*g - 58, -5*h + 3*g - 79 = 0. Let s(i) = -i - 15. Calculate s(h).
-1
Let s(h) = h**3 + 3*h**2 - 6*h - 2. Suppose -4*p + 128 - 136 = 0. Let k(l) = 3*l + 2 + l + l**2 + l. Let m be k(p). What is s(m)?
6
Let u(x) = 3*x**2 - 4*x + 2. Let z = -221 - -223. Calculate u(z).
6
Let p(j) = -j**3 - 3*j**2 + 3*j - 4. Let m be p(-4). Let c = 47 - 41. Let q(w) = -w + 2 - c + 7. Determine q(m).
3
Let s = 72 + -40. Let k = 37 - s. Suppose 0*c - 35 = k*c + 2*j, 5*c + 35 = j. Let f(z) = -z**3 - 8*z**2 - 7*z - 4. Give f(c).
-4
Let f(j) be the third derivative of j**5/60 - j**4/3 + j**3/6 + 2*j**2 + 10. Give f(7).
-6
Let p(z) = -2*z**2 + z + 2. Let i = -39 + 37. Determine p(i).
-8
Let w be 12/2 - (15/5 - 0). Let s(y) = y**3 - 2*y**2 - 2*y + 6*y + 2 - 7 - w*y**2. Determine s(4).
-5
Let x(i) be the first derivative of i**6/120 - 7*i**5/60 - i**4/24 - 5*i**3/6 + 3*i**2/2 + 20. Let a(g) be the second derivative of x(g). Calculate a(7).
-12
Let p(a) = 2*a**2 + a**3 + 774 - 7*a - 393 - 387. Give p(-4).
-10
Let b(x) = 5*x**3 + 8*x**2 - 8*x + 6. Let i(n) = -3*n**3 - 9*n**2 + 9*n - 7. Let c(u) = 2*b(u) + 3*i(u). Calculate c(10).
1
Let z(b) be the first derivative of -4*b**4 + b**3/3 - b - 77. Determine z(1).
-16
Let s(d) be the third derivative of -d**7/2520 - d**6/120 + d**5/60 - 9*d**4/4 - 3*d**2 - 1. Let u(a) be the second derivative of s(a). Determine u(-7).
-5
Let r(c) = 8*c**2 + c**2 + 4*c**2. Let h = -6 + 8. Suppose -h*d = -0*d + 2*l - 2, -4*d - 3*l = -2. What is r(d)?
13
Let g(j) be the third derivative of -j**5/60 + j**4/12 - 2*j**3/3 - j**2. Suppose 8 = 2*y - 0*y. Suppose 3*l = y*x + 5, -3*l + 3 = -3*x - 3. Calculate g(l).
-7
Suppose -14*j + 91 = 203. Let r(c) = c**2 + 7*c - 9. What is r(j)?
-1
Let f(d) = d - 39. Suppose 279*j - 190 = 269*j. Give f(j).
-20
Let q be (-1)/((-1)/6*3). Suppose 5*f - 2*g - 34 = g, -q*g + 9 = 3*f. Let a(i) = -1. Let k(h) = -h. Let o(b) = -4*a(b) + k(b). Calculate o(f).
-1
Let t(s) = -s**3 + 4*s**2 + 2*s - 8. Let w(p) = 3*p**3 - 13*p**2 - 5*p + 25. Let k(d) = 7*t(d) + 2*w(d). Let q be k(3). Let y(n) = 2*n - 2. Calculate y(q).
-8
Let g(k) = 8*k**2 - 22*k. Let j(q) = -q**2 + 3*q. Let h(o) = -6*g(o) - 44*j(o). Give h(1).
-4
Let o(s) = -7*s + 14. Let v(j) = -13*j + 27. Let i(z) = 11*o(z) - 6*v(z). Calculate i(6).
-2
Suppose -11 = -3*y - 29. Let v = -6 - y. Let s(q) = -5*q**2 - q + 12. Let x(g) = g**2 - 1. Let d(r) = s(r) + 4*x(r). What is d(v)?
8
Let o(z) = 9*z + 4. Suppose -46*p = 42*p + 528. What is o(p)?
-50
Let u(o) = -17*o**2 + o - 1. Let w(x) = x**2 + 6*x - 54. Let p be w(5). Give u(p).
-17
Suppose -18 = -3*u - 5*d, -d + 7 = 3*u + 1. Let a(r) = 84*r + 2 - 83*r - u + 0. Suppose 0 = -5*t - 4*c - 11, 3*c = -2*t - 1 - 2. Determine a(t).
-2
Suppose 0 = -2*z + 3*u - 3 + 5, -3*z - 7 = -2*u. Let d(t) = 7*t - 4. What is d(z)?
-39
Let k(g) = g**2 - g - 2. Suppose 45 = 13*n - 7. Calculate k(n).
10
Let b(h) = -2 + 28*h - 19*h - 4 + 2 + 5. Let x be (-4)/(-6) + (-2)/3. Suppose -t + 1 = -x. Calculate b(t).
10
Suppose 0 = -3*y - 12, -6 = 2*u - 4*y - 30. Let w(z) be the second derivative of z - 1/20*z**5 + 1/6*z**3 + 1/3*z**4 - z**2 + 0. Give w(u).
2
Let k(h) = -h**3 + 5*h**2 - 7*h - 1. Suppose -r - 184 = -188. De